(t) = -t**2 + 52*t - 207. Calculate the remainder when 39 is divided by q(47).
11
Let y = -931 - -938. What is the remainder when 61 is divided by y?
5
Let n(w) = 6*w + 3 + w**2 + 0*w - 4*w. Calculate the remainder when n(0) is divided by 2.
1
Suppose -2*u = -234 + 152. Let f(k) = k**2 - 4*k. Let w be f(5). Suppose -m - i - 29 = -4*m, -w*m + 43 = -3*i. What is the remainder when u is divided by m?
8
Suppose 11*s + 111 = 12*s. Let k(c) = 2*c**2 - 14*c + 22. What is the remainder when s is divided by k(8)?
35
Suppose 4*y - t = -133, -128 - 39 = 5*y - 2*t. Let s = 31 - y. What is the remainder when s is divided by 34?
30
Let d = -55 - -58. Suppose -f + 6 = 4*k, 5*f - 15 = d*k + 15. Let u = -20 - -31. What is the remainder when u is divided by f?
5
Let b be (-2628)/66 + (-2)/11 + -1. Let g = 49 + b. Calculate the remainder when 37 is divided by g.
5
Let t(i) = -41*i - 1. Let u be t(1). Calculate the remainder when (u/8)/((-6)/16) is divided by 8.
6
Let o(y) = 2*y + 5. Let j be 0/(-4 - -5 - -1). Let n be o(j). Suppose 2*k - 15 = -5, n*t - 2*k = 0. Calculate the remainder when t is divided by 2.
0
Suppose -28*h = -33*h + 105. What is the remainder when 186 is divided by h?
18
Suppose -5*w + 63 + 44 = -2*s, -4*s - 4 = 0. Calculate the remainder when 226 is divided by w.
16
Let b = 28 - 25. Suppose c + 0*c = -4*a + 12, -b*c = -a - 88. Calculate the remainder when c is divided by 11.
6
Let g = 178 + -106. What is the remainder when 51 is divided by 1962/g - ((-9)/12 - -1)?
24
Suppose 5*q - 4*q = -5*i + 812, i - 3*q = 172. Calculate the remainder when i is divided by 41.
40
Let g(x) = -3*x**3 - 51*x**2 - 2*x - 27. Let f = -5 - -9. Suppose 0 = -2*q + 5*c - 11 - 0, q = 2*c - f. What is the remainder when g(-17) is divided by q?
1
Let u(p) = -2*p - 10. Let b be u(-6). Suppose 20 = b*t + 2*i, -i + 18 = t + t. What is the remainder when 30 is divided by t?
6
Let s(i) = 6*i**2 - i + 1. Let y be s(1). Suppose 54 = 3*o - y. Let l = -4 + o. Calculate the remainder when 63 is divided by l.
15
Suppose -273*u + 308 = -251*u. Calculate the remainder when 97 is divided by u.
13
Calculate the remainder when (-4 - -7) + (-1 - 183/(-1)) is divided by 32.
25
Suppose -k + 52 = k - 3*o, 0 = 5*o + 20. Suppose 5*w - k = -4*y + 44, -85 = -5*y - 5*w. Calculate the remainder when y is divided by 7.
0
Suppose 0 = 5*p - 5*v - 80, p + p - 28 = v. Let y = 17 - p. What is the remainder when 29 is divided by y?
4
Let a = 18 + -6. Let r = 13 + 0. Calculate the remainder when 596/r - (-4)/26 is divided by a.
10
Suppose 3*b = -3*d + 6, -3*b = d - 14 + 6. Let h(o) = -23*o + 1. Calculate the remainder when h(-1) is divided by b.
0
Let v be (4 - 3)/((-3)/(-36)). Suppose -4*p + 5*a + v = -14, -4 = -2*p - 2*a. What is the remainder when 9 is divided by p?
1
Let p(k) = 0*k - 20 - 11*k - 4 + 4*k. Calculate the remainder when 94 is divided by p(-7).
19
Suppose -n = -2*g + 51, -14 = -5*g + 2*n + 111. Let j = -7 + g. Calculate the remainder when 2*(-94)/8*-2 is divided by j.
15
Let m = -39 + 39. Suppose 50 = -m*r + 2*r. What is the remainder when r is divided by 232/32 + (-1)/4?
4
Let j(g) = 11 - g**3 + 16*g**2 + 6*g - 17*g**2 - 6*g. Calculate the remainder when j(0) is divided by 10.
1
Let c = 1 + 16. Let n be 1 - (1 - c*4). Let s = 124 - n. What is the remainder when s is divided by 19?
18
Let f = 8 + -3. Suppose -3*c - 4*p = -331, 4*c + 61 - 501 = -f*p. Calculate the remainder when 28 is divided by (c/(-14))/((-1)/2).
13
Let j(g) = 29*g - 190. What is the remainder when j(9) is divided by 19?
14
Suppose 0 = -4*v + 3*a - 15 + 1, 0 = -3*a + 6. Suppose 2*b = 33 - 173. Calculate the remainder when 10 is divided by (v/(-4))/((-5)/b).
3
Let y(s) be the first derivative of -s**4/4 - 8*s**3/3 + 9*s**2/2 - 10*s - 10. Let u be y(-9). Let d = -1 - u. Calculate the remainder when 16 is divided by d.
7
Suppose -d + 28 = 3*x, -15*d - 41 = -17*d - 3*x. What is the remainder when 77 is divided by d?
12
Let f = -129 + 133. Calculate the remainder when 9 is divided by f.
1
Let w = -16 + 20. Suppose -w*l = l - 165. What is the remainder when 98 is divided by l?
32
Let s(w) = w**3 + 7*w**2 - 18*w + 2. Let j be s(-9). Suppose -2*c - j*c = -172. Calculate the remainder when c is divided by 17.
9
Suppose -58 = -3*c - 0*x + 4*x, -3*c + x + 55 = 0. Let m = 13 + c. Let b(n) = -5*n - 4. What is the remainder when m is divided by b(-4)?
15
Suppose -9*i + 53 + 19 = 0. Calculate the remainder when 174 is divided by i.
6
Suppose 0 = -3*q + 69 - 15. Calculate the remainder when 1132 is divided by q.
16
Let u = -392 - -437. What is the remainder when u is divided by 16?
13
Let r be -15*(-5)/((-100)/(-8)). Let s = r + -20. Calculate the remainder when 25 is divided by (s/6)/(4/(-24)).
11
Let r be (-644)/(-196) - (-2)/(-7). Suppose 4*v - 5*v + r*w = -105, -5*w = 20. What is the remainder when v is divided by 16?
13
Let n be (-6 + 14)/((-2)/(-1)). Let a be 3 - (12/4 - n). What is the remainder when 4 - (-86 + (7 - a)) is divided by 30?
27
Suppose 18 = 3*t - 2*t + w, 5*w - 51 = -2*t. Let u(i) = -69*i - 318. Calculate the remainder when u(-5) is divided by t.
1
Calculate the remainder when (-34)/68*185/2*-4 is divided by 26.
3
Suppose -2*l - 2*l = -60. Calculate the remainder when 132/16 - l/12 is divided by 5.
2
Let q = 1798 - 1662. What is the remainder when 947 is divided by q?
131
Suppose -6 = 2*r - 5*r. Calculate the remainder when ((-2)/(-3))/(2/42) is divided by 4/(2*r/8).
6
Let i(b) = -b**2 + 1. Let n be i(-2). Let z be (-7)/2*(-5 - n). Let q = z + 27. Calculate the remainder when q is divided by 18.
16
Suppose 64*v = 61*v + 93. What is the remainder when v is divided by 8?
7
Suppose -6*s = -430 - 944. What is the remainder when s is divided by 39?
34
Suppose 0 = 3*a - p - 9893, 16479 = 17*a - 12*a - 4*p. What is the remainder when a is divided by 127?
124
Suppose -5*v + 152 = -5*o + 3*o, -4*v = -3*o - 214. Let g = -42 - o. Calculate the remainder when g is divided by 5.
4
Let b(m) = -5*m + 131. What is the remainder when 286 is divided by b(19)?
34
Let d(u) = -10*u. Let m(h) = h**3 + 5*h**2 + 2*h - 5. Let x be m(-3). Suppose -y - x = -33. What is the remainder when d(-5) is divided by y?
24
Let z = 19 + 5. Calculate the remainder when (3 - (-34)/(-14))/((-2)/(-161)) is divided by z.
22
Let f be (2635/35 + (-10)/35)*-3. Let r = -95 - f. Let n = 68 + -35. What is the remainder when r is divided by n?
31
What is the remainder when 208 is divided by -2*(-909)/24 - 48/64?
58
Suppose -28*y + 589 + 1007 = 0. Calculate the remainder when 104 is divided by y.
47
Let y(m) = 2*m**2 + 5*m - 3. Suppose 30 = 86*j - 84*j. What is the remainder when j is divided by y(-4)?
6
Suppose 3*n - 1397 = x, 5*n - 8*x = -12*x + 2317. Calculate the remainder when n is divided by 78.
75
Let d(y) = -3*y**2 - 8*y - 3. Let n be d(-5). Let k = 143 + -207. Let o = n - k. Calculate the remainder when o is divided by 9.
8
Suppose 0 = -0*x + 8*x + 2*x. Suppose 0 = 5*n + 2*i - 232, 3*n + x*i - 3*i - 135 = 0. What is the remainder when n is divided by 16?
14
Let d = 13 + -10. Suppose -d*w - 6 = -5*w. Calculate the remainder when w + 0 - 195/(-5) is divided by 15.
12
Let c(p) = p**2 - 5*p + 1. Let t be c(6). Suppose t*l - l = 168. Calculate the remainder when 54 is divided by l.
26
Let b be (6/4)/((-4)/((-264)/(-3))). Let w = 88 + b. What is the remainder when w is divided by 21?
13
Calculate the remainder when 24 is divided by 5/((-6 + 7)*1).
4
Let n(f) be the second derivative of 9*f**5/20 - f**4/6 - f**3/2 + 3*f**2/2 - 12*f. Let x = 0 + 21. Calculate the remainder when n(2) is divided by x.
19
Suppose 5*n = 4*g + 5, 0 = -2*n + 4*g - 4 - 6. Let w = 8 - n. Let t = -353 + 369. Calculate the remainder when t is divided by w.
1
Suppose -3*g + 4 - 64 = 0. Let h be (-268)/10 + 4/g. Let s = h + 56. What is the remainder when 56 is divided by s?
27
Suppose 0 - 3 = 3*y + 5*x, 0 = 3*y + x + 3. Calculate the remainder when 22 is divided by (-2 + -2 - y)*(-60)/10.
4
Let k(s) = s**2 + s - 2. Suppose 0 = 2*n - 4*l + 34, 4*n - 3*l - 42 = -110. What is the remainder when k(n) is divided by 16?
14
What is the remainder when 167 is divided by 156/12 + (-4)/(12/15)?
7
Suppose 0*l - 2*l - 30 = 0. Let m = -4 - -11. Calculate the remainder when ((-6)/(-2))/(l/(-55)) is divide